{"id":3569,"date":"2021-12-14T11:24:34","date_gmt":"2021-12-14T11:24:34","guid":{"rendered":"https:\/\/anpat.org\/web\/?page_id=3569"},"modified":"2021-12-14T11:27:34","modified_gmt":"2021-12-14T11:27:34","slug":"formulario-para-asociarse-2","status":"publish","type":"page","link":"https:\/\/anpat.org\/web\/formulario-para-asociarse-2\/","title":{"rendered":"Formulario para asociarse"},"content":{"rendered":"<div  class=\"tatsu-gx87pxlp1cabjyuq tatsu-section  tatsu-bg-overlay   tatsu-clearfix\" data-title=\"\"  data-headerscheme=\"background--dark\"><div class='tatsu-section-pad clearfix' data-padding='{\"d\":\"10px 0px 10px 0px\"}' data-padding-top='10px'><div class=\"tatsu-row-wrap  tatsu-wrap tatsu-row-one-col tatsu-row-has-one-cols tatsu-medium-gutter tatsu-reg-cols  tatsu-clearfix tatsu-gx87pxlp5x2ueg4u\" ><div  class=\"tatsu-row \" ><div  class=\"tatsu-column  tatsu-bg-overlay tatsu-one-col tatsu-column-image-none tatsu-column-effect-none  tatsu-gx87pxlpbeetaj8n\"  data-parallax-speed=\"0\" style=\"\"><div class=\"tatsu-column-inner \" ><div class=\"tatsu-column-pad-wrap\"><div class=\"tatsu-column-pad\" ><div  class=\"tatsu-module tatsu-text-block-wrap tatsu-rk3GuJScY  \"><div class=\"tatsu-text-inner tatsu-align-center  clearfix\" ><style>.tatsu-rk3GuJScY.tatsu-text-block-wrap .tatsu-text-inner{width: 100%;text-align: center;color: rgba(8,57,134,1) ;}.tatsu-rk3GuJScY.tatsu-text-block-wrap{margin: 30px 0px 30px 0px;}.tatsu-rk3GuJScY .tatsu-text-inner *{color: rgba(8,57,134,1) ;}.tatsu-rk3GuJScY.tatsu-text-block-wrap .tatsu-text-inner *{}<\/style>\n<h3>Formulario para asociarse a Anpat<\/h3>\n<\/div><\/div><\/div><\/div><div class = \"tatsu-column-bg-image-wrap\"><div class = \"tatsu-column-bg-image\" ><\/div><\/div><div class=\"tatsu-overlay tatsu-column-overlay tatsu-animate-none\" ><\/div><\/div><style>.tatsu-row > .tatsu-gx87pxlpbeetaj8n.tatsu-column{width: 100%;}.tatsu-gx87pxlpbeetaj8n.tatsu-column > .tatsu-column-inner > .tatsu-column-overlay{mix-blend-mode: normal;}.tatsu-gx87pxlpbeetaj8n > .tatsu-column-inner > .tatsu-top-divider{z-index: 9999;}.tatsu-gx87pxlpbeetaj8n > .tatsu-column-inner > .tatsu-bottom-divider{z-index: 9999;}.tatsu-gx87pxlpbeetaj8n > .tatsu-column-inner > .tatsu-left-divider{z-index: 9999;}.tatsu-gx87pxlpbeetaj8n > .tatsu-column-inner > .tatsu-right-divider{z-index: 9999;}<\/style><\/div><\/div><\/div><\/div><div class=\"tatsu-section-background-wrap\"><div class = \"tatsu-section-background\" ><\/div><\/div><div class=\"tatsu-overlay tatsu-section-overlay\"><\/div><style>.tatsu-gx87pxlp1cabjyuq .tatsu-section-pad{padding: 10px 0px 10px 0px;}.tatsu-gx87pxlp1cabjyuq > .tatsu-bottom-divider{z-index: 9999;}.tatsu-gx87pxlp1cabjyuq > .tatsu-top-divider{z-index: 9999;}.tatsu-gx87pxlp1cabjyuq .tatsu-section-overlay{mix-blend-mode: normal;}<\/style><\/div><div  class=\"tatsu-HJo-V_r9K tatsu-section  tatsu-bg-overlay   tatsu-clearfix\" data-title=\"\"  data-headerscheme=\"background--dark\"><div class='tatsu-section-pad clearfix' data-padding='{\"d\":\"10px 0px 50px 0px\"}' data-padding-top='10px'><div class=\"tatsu-row-wrap  tatsu-wrap tatsu-row-one-col tatsu-row-has-one-cols tatsu-medium-gutter tatsu-reg-cols  tatsu-clearfix tatsu-S1lsbNuHcK\" ><div  class=\"tatsu-row \" ><div  class=\"tatsu-column  tatsu-bg-overlay tatsu-one-col tatsu-column-image-none tatsu-column-effect-none  tatsu-B1WsWNOB9t\"  data-parallax-speed=\"0\" style=\"\"><div class=\"tatsu-column-inner \" ><div class=\"tatsu-column-pad-wrap\"><div class=\"tatsu-column-pad\" ><div  class=\"tatsu-shortcode-module tatsu-module tatsu-SytG1Z89t   \"  ><div class=\"wpforms-container wpforms-container-full\" id=\"wpforms-3568\"><form id=\"wpforms-form-3568\" class=\"wpforms-validate wpforms-form wpforms-ajax-form\" data-formid=\"3568\" method=\"post\" enctype=\"multipart\/form-data\" action=\"\/web\/wp-json\/wp\/v2\/pages\/3569\" data-token=\"70e05792ef0f0a1d78df3a6043303bf1\" data-token-time=\"1778415765\"><noscript class=\"wpforms-error-noscript\">Por favor, activa JavaScript en tu navegador para completar este formulario.<\/noscript><div class=\"wpforms-field-container\"><div id=\"wpforms-3568-field_1-container\" class=\"wpforms-field wpforms-field-text wpforms-one-half wpforms-first\" data-field-id=\"1\"><label class=\"wpforms-field-label\" for=\"wpforms-3568-field_1\">Nombre <span class=\"wpforms-required-label\">*<\/span><\/label><input type=\"text\" id=\"wpforms-3568-field_1\" class=\"wpforms-field-large wpforms-field-required\" name=\"wpforms[fields][1]\" required><\/div><div id=\"wpforms-3568-field_2-container\" class=\"wpforms-field wpforms-field-text wpforms-one-half\" data-field-id=\"2\"><label class=\"wpforms-field-label\" for=\"wpforms-3568-field_2\">Apellidos <span class=\"wpforms-required-label\">*<\/span><\/label><input type=\"text\" id=\"wpforms-3568-field_2\" class=\"wpforms-field-large wpforms-field-required\" name=\"wpforms[fields][2]\" required><\/div><div id=\"wpforms-3568-field_3-container\" class=\"wpforms-field wpforms-field-text wpforms-one-half wpforms-first\" data-field-id=\"3\"><label class=\"wpforms-field-label\" for=\"wpforms-3568-field_3\">DNI\/NIF <span class=\"wpforms-required-label\">*<\/span><\/label><input type=\"text\" id=\"wpforms-3568-field_3\" class=\"wpforms-field-large wpforms-field-required\" name=\"wpforms[fields][3]\" required><\/div><div id=\"wpforms-3568-field_4-container\" class=\"wpforms-field wpforms-field-text wpforms-one-half\" data-field-id=\"4\"><label class=\"wpforms-field-label\" for=\"wpforms-3568-field_4\">Domicilio <span class=\"wpforms-required-label\">*<\/span><\/label><input type=\"text\" id=\"wpforms-3568-field_4\" class=\"wpforms-field-large wpforms-field-required\" name=\"wpforms[fields][4]\" required><\/div><div id=\"wpforms-3568-field_5-container\" class=\"wpforms-field wpforms-field-text wpforms-one-half wpforms-first\" data-field-id=\"5\"><label class=\"wpforms-field-label\" for=\"wpforms-3568-field_5\">Tel\u00e9fono particular<\/label><input type=\"text\" id=\"wpforms-3568-field_5\" class=\"wpforms-field-large\" name=\"wpforms[fields][5]\" ><\/div><div id=\"wpforms-3568-field_6-container\" class=\"wpforms-field wpforms-field-text wpforms-one-half\" data-field-id=\"6\"><label class=\"wpforms-field-label\" for=\"wpforms-3568-field_6\">Poblaci\u00f3n, provincia y CP<\/label><input type=\"text\" id=\"wpforms-3568-field_6\" class=\"wpforms-field-large\" name=\"wpforms[fields][6]\" ><\/div><div id=\"wpforms-3568-field_9-container\" class=\"wpforms-field wpforms-field-text wpforms-one-half wpforms-first\" data-field-id=\"9\"><label class=\"wpforms-field-label\" for=\"wpforms-3568-field_9\">Fecha de nacimiento<\/label><input type=\"text\" id=\"wpforms-3568-field_9\" class=\"wpforms-field-large\" name=\"wpforms[fields][9]\" ><\/div><div id=\"wpforms-3568-field_10-container\" class=\"wpforms-field wpforms-field-text wpforms-one-half\" data-field-id=\"10\"><label class=\"wpforms-field-label\" for=\"wpforms-3568-field_10\">Fecha de inicio de actividad<\/label><input type=\"text\" id=\"wpforms-3568-field_10\" class=\"wpforms-field-large\" name=\"wpforms[fields][10]\" ><\/div><div id=\"wpforms-3568-field_11-container\" class=\"wpforms-field wpforms-field-text\" data-field-id=\"11\"><label class=\"wpforms-field-label\" for=\"wpforms-3568-field_11\">Cargo<\/label><input type=\"text\" id=\"wpforms-3568-field_11\" class=\"wpforms-field-large\" name=\"wpforms[fields][11]\" ><\/div><div id=\"wpforms-3568-field_12-container\" class=\"wpforms-field wpforms-field-textarea wpforms-one-half wpforms-first\" data-field-id=\"12\"><label class=\"wpforms-field-label\" for=\"wpforms-3568-field_12\">Formaci\u00f3n Acad\u00e9mica<\/label><textarea id=\"wpforms-3568-field_12\" class=\"wpforms-field-large\" name=\"wpforms[fields][12]\" ><\/textarea><\/div><div id=\"wpforms-3568-field_13-container\" class=\"wpforms-field wpforms-field-textarea wpforms-one-half\" data-field-id=\"13\"><label class=\"wpforms-field-label\" for=\"wpforms-3568-field_13\">Otra informaci\u00f3n<\/label><textarea id=\"wpforms-3568-field_13\" class=\"wpforms-field-large\" name=\"wpforms[fields][13]\" ><\/textarea><\/div><div id=\"wpforms-3568-field_14-container\" class=\"wpforms-field wpforms-field-text wpforms-one-half wpforms-first\" data-field-id=\"14\"><label class=\"wpforms-field-label\" for=\"wpforms-3568-field_14\">Empresa<\/label><input type=\"text\" id=\"wpforms-3568-field_14\" class=\"wpforms-field-large\" name=\"wpforms[fields][14]\" ><\/div><div id=\"wpforms-3568-field_15-container\" class=\"wpforms-field wpforms-field-text wpforms-one-half\" data-field-id=\"15\"><label class=\"wpforms-field-label\" for=\"wpforms-3568-field_15\">CIF<\/label><input type=\"text\" id=\"wpforms-3568-field_15\" class=\"wpforms-field-large\" name=\"wpforms[fields][15]\" ><\/div><div id=\"wpforms-3568-field_16-container\" class=\"wpforms-field wpforms-field-text wpforms-one-half wpforms-first\" data-field-id=\"16\"><label class=\"wpforms-field-label\" for=\"wpforms-3568-field_16\">Oficina Principal<\/label><input type=\"text\" id=\"wpforms-3568-field_16\" class=\"wpforms-field-large\" name=\"wpforms[fields][16]\" ><\/div><div id=\"wpforms-3568-field_17-container\" class=\"wpforms-field wpforms-field-text wpforms-one-half\" data-field-id=\"17\"><label class=\"wpforms-field-label\" for=\"wpforms-3568-field_17\">Poblaci\u00f3n, provincia y CP<\/label><input type=\"text\" id=\"wpforms-3568-field_17\" class=\"wpforms-field-large\" name=\"wpforms[fields][17]\" ><\/div><div id=\"wpforms-3568-field_19-container\" class=\"wpforms-field wpforms-field-email wpforms-one-half wpforms-first\" data-field-id=\"19\"><label class=\"wpforms-field-label\" for=\"wpforms-3568-field_19\">Correo electr\u00f3nico <span class=\"wpforms-required-label\">*<\/span><\/label><input type=\"email\" id=\"wpforms-3568-field_19\" class=\"wpforms-field-large wpforms-field-required\" name=\"wpforms[fields][19]\" spellcheck=\"false\" required><\/div><div id=\"wpforms-3568-field_20-container\" class=\"wpforms-field wpforms-field-text wpforms-one-half\" data-field-id=\"20\"><label class=\"wpforms-field-label\" for=\"wpforms-3568-field_20\">Tel\u00e9fono profesional<\/label><input type=\"text\" id=\"wpforms-3568-field_20\" class=\"wpforms-field-large\" name=\"wpforms[fields][20]\" ><\/div><div id=\"wpforms-3568-field_21-container\" class=\"wpforms-field wpforms-field-text wpforms-one-half wpforms-first\" data-field-id=\"21\"><label class=\"wpforms-field-label\" for=\"wpforms-3568-field_21\">Fax<\/label><input type=\"text\" id=\"wpforms-3568-field_21\" class=\"wpforms-field-large\" name=\"wpforms[fields][21]\" ><\/div><div id=\"wpforms-3568-field_22-container\" class=\"wpforms-field wpforms-field-text wpforms-one-half\" data-field-id=\"22\"><label class=\"wpforms-field-label\" for=\"wpforms-3568-field_22\">Ep\u00edgrafe IAE y fecha del alta<\/label><input type=\"text\" id=\"wpforms-3568-field_22\" class=\"wpforms-field-large\" name=\"wpforms[fields][22]\" ><\/div><div id=\"wpforms-3568-field_23-container\" class=\"wpforms-field wpforms-field-text\" data-field-id=\"23\"><label class=\"wpforms-field-label\" for=\"wpforms-3568-field_23\">CCC<\/label><input type=\"text\" id=\"wpforms-3568-field_23\" class=\"wpforms-field-large\" name=\"wpforms[fields][23]\" ><\/div><div id=\"wpforms-3568-field_24-container\" class=\"wpforms-field wpforms-field-checkbox\" data-field-id=\"24\"><ul id=\"wpforms-3568-field_24\"><li class=\"choice-1 depth-1\"><input type=\"checkbox\" id=\"wpforms-3568-field_24_1\" name=\"wpforms[fields][24][]\" value=\"Acepto las condiciones de uso y la pol\u00edtica de privacidad.\"  ><label class=\"wpforms-field-label-inline\" for=\"wpforms-3568-field_24_1\">Acepto las condiciones de uso y la pol\u00edtica de privacidad.<\/label><\/li><\/ul><div class=\"wpforms-field-description\">Te informamos que los datos de car\u00e1cter personal que nos proporciones rellenando el presente formulario ser\u00e1n tratados por ANPAT como responsable de esta web. La Finalidad es gestionar la solicitud que realizas en este formulario de contacto y para el env\u00edo de las publicaciones de ANPAT, as\u00ed de como correos comerciales, pero te prometemos que no realizaremos spam, solo te enviaremos contenido apropiado. Legitimaci\u00f3n: Consentimiento del interesado. Destinatarios: Los datos llegan a nuestro hosting cuyo titular es Raiola, en Espa\u00f1a. Podr\u00e1s ejercer tus Derechos de acceso, rectificaci\u00f3n, limitaci\u00f3n y suprimir los datos enviando un email a info@anpat.org as\u00ed como el derecho a presentar una reclamaci\u00f3n ante una autoridad de control. <\/div><\/div><\/div><!-- .wpforms-field-container --><div class=\"wpforms-submit-container\" ><input type=\"hidden\" name=\"wpforms[id]\" value=\"3568\"><input type=\"hidden\" name=\"page_title\" value=\"\"><input type=\"hidden\" name=\"page_url\" value=\"https:\/\/anpat.org\/web\/wp-json\/wp\/v2\/pages\/3569\"><input type=\"hidden\" name=\"url_referer\" value=\"\"><button type=\"submit\" name=\"wpforms[submit]\" id=\"wpforms-submit-3568\" class=\"wpforms-submit\" data-alt-text=\"Enviando...\" data-submit-text=\"Enviar\" aria-live=\"assertive\" value=\"wpforms-submit\">Enviar<\/button><img loading=\"lazy\" decoding=\"async\" src=\"https:\/\/anpat.org\/web\/wp-content\/plugins\/wpforms-lite\/assets\/images\/submit-spin.svg\" class=\"wpforms-submit-spinner\" style=\"display: none;\" width=\"26\" height=\"26\" alt=\"Cargando\"><\/div><\/form><\/div>  <!-- .wpforms-container --><\/div><\/div><\/div><div class = \"tatsu-column-bg-image-wrap\"><div class = \"tatsu-column-bg-image\" ><\/div><\/div><div class=\"tatsu-overlay tatsu-column-overlay tatsu-animate-none\" ><\/div><\/div><style>.tatsu-row > .tatsu-B1WsWNOB9t.tatsu-column{width: 100%;}.tatsu-B1WsWNOB9t.tatsu-column > .tatsu-column-inner > .tatsu-column-overlay{mix-blend-mode: normal;}.tatsu-B1WsWNOB9t > .tatsu-column-inner > .tatsu-top-divider{z-index: 9999;}.tatsu-B1WsWNOB9t > .tatsu-column-inner > .tatsu-bottom-divider{z-index: 9999;}.tatsu-B1WsWNOB9t > .tatsu-column-inner > .tatsu-left-divider{z-index: 9999;}.tatsu-B1WsWNOB9t > .tatsu-column-inner > .tatsu-right-divider{z-index: 9999;}<\/style><\/div><\/div><\/div><\/div><div class=\"tatsu-section-background-wrap\"><div class = \"tatsu-section-background\" ><\/div><\/div><div class=\"tatsu-overlay tatsu-section-overlay\"><\/div><style>.tatsu-HJo-V_r9K .tatsu-section-pad{padding: 10px 0px 50px 0px;}.tatsu-HJo-V_r9K > .tatsu-bottom-divider{z-index: 9999;}.tatsu-HJo-V_r9K > .tatsu-top-divider{z-index: 9999;}.tatsu-HJo-V_r9K .tatsu-section-overlay{mix-blend-mode: normal;}<\/style><\/div>\n","protected":false},"excerpt":{"rendered":"<p><a href=\"https:\/\/anpat.org\/web\/formulario-para-asociarse-2\/\" class=\"more-link style3-button\">Read More<\/a><\/p>","protected":false},"author":2,"featured_media":0,"parent":0,"menu_order":0,"comment_status":"closed","ping_status":"open","template":"","meta":{"inline_featured_image":false,"footnotes":""},"class_list":["post-3569","page","type-page","status-publish","hentry"],"_links":{"self":[{"href":"https:\/\/anpat.org\/web\/wp-json\/wp\/v2\/pages\/3569","targetHints":{"allow":["GET"]}}],"collection":[{"href":"https:\/\/anpat.org\/web\/wp-json\/wp\/v2\/pages"}],"about":[{"href":"https:\/\/anpat.org\/web\/wp-json\/wp\/v2\/types\/page"}],"author":[{"embeddable":true,"href":"https:\/\/anpat.org\/web\/wp-json\/wp\/v2\/users\/2"}],"replies":[{"embeddable":true,"href":"https:\/\/anpat.org\/web\/wp-json\/wp\/v2\/comments?post=3569"}],"version-history":[{"count":4,"href":"https:\/\/anpat.org\/web\/wp-json\/wp\/v2\/pages\/3569\/revisions"}],"predecessor-version":[{"id":3573,"href":"https:\/\/anpat.org\/web\/wp-json\/wp\/v2\/pages\/3569\/revisions\/3573"}],"wp:attachment":[{"href":"https:\/\/anpat.org\/web\/wp-json\/wp\/v2\/media?parent=3569"}],"curies":[{"name":"wp","href":"https:\/\/api.w.org\/{rel}","templated":true}]}}